mon factor of 756256 and 32?
32
Calculate the highest common factor of 3456320 and 140.
140
What is the greatest common divisor of 3953 and 268?
67
What is the highest common factor of 4958480 and 16?
16
Calculate the greatest common divisor of 17544 and 8262.
102
What is the greatest common divisor of 80392 and 52?
52
What is the greatest common factor of 2881 and 3741?
43
Calculate the highest common divisor of 3224 and 78182.
806
What is the greatest common divisor of 260 and 200?
20
Calculate the greatest common factor of 2 and 120906.
2
Calculate the greatest common factor of 3960 and 9005.
5
What is the greatest common factor of 2925 and 39?
39
What is the greatest common factor of 30 and 26350?
10
What is the greatest common divisor of 2169 and 3879?
9
Calculate the greatest common factor of 99790 and 119.
17
What is the greatest common factor of 80 and 1069720?
40
What is the highest common factor of 1362 and 186?
6
What is the highest common divisor of 4896 and 31348?
68
What is the highest common divisor of 549 and 7648119?
549
Calculate the greatest common divisor of 298 and 2638343.
149
Calculate the greatest common factor of 3060 and 5950.
170
Calculate the highest common factor of 36 and 769308.
12
What is the highest common factor of 651 and 34923?
21
What is the highest common divisor of 9707 and 425?
17
Calculate the greatest common factor of 474149 and 13.
13
Calculate the highest common divisor of 467474 and 560.
14
What is the greatest common factor of 3888 and 738?
18
What is the greatest common divisor of 5154 and 426?
6
Calculate the greatest common divisor of 259 and 5803931.
259
What is the highest common factor of 16 and 68648?
8
What is the greatest common divisor of 7590 and 380?
10
What is the highest common factor of 299 and 32253?
13
Calculate the greatest common divisor of 2204 and 63232.
76
Calculate the highest common factor of 890 and 110805.
445
Calculate the greatest common factor of 32752 and 48.
16
What is the greatest common factor of 28 and 1981924?
28
What is the greatest common divisor of 556887 and 522?
87
Calculate the greatest common factor of 1537 and 120204.
53
Calculate the greatest common divisor of 19856 and 80.
16
Calculate the greatest common divisor of 968 and 10945.
11
What is the greatest common divisor of 36 and 86796?
36
Calculate the highest common divisor of 1296 and 20016.
144
Calculate the greatest common divisor of 306622 and 38.
38
What is the greatest common divisor of 2392 and 17112?
184
What is the greatest common factor of 149178 and 1104?
138
Calculate the highest common divisor of 3264 and 50388.
204
Calculate the greatest common factor of 352417 and 52.
13
What is the greatest common factor of 284862 and 18?
6
Calculate the greatest common factor of 5848 and 8428.
172
What is the highest common divisor of 30 and 134870?
10
What is the greatest common divisor of 393921 and 138?
69
Calculate the greatest common divisor of 94976 and 672.
224
What is the greatest common divisor of 1210709 and 905?
181
Calculate the highest common divisor of 28 and 476448.
28
Calculate the greatest common divisor of 187 and 136918.
17
Calculate the highest common divisor of 122670 and 14877.
261
Calculate the highest common factor of 690008 and 2464.
88
Calculate the highest common divisor of 684 and 251028.
684
Calculate the highest common divisor of 19 and 1162667.
19
What is the greatest common factor of 14220 and 1992?
12
What is the highest common divisor of 2488 and 114137?
311
Calculate the greatest common factor of 100 and 2077150.
50
What is the greatest common factor of 154 and 186417?
77
Calculate the greatest common factor of 336852 and 216.
108
What is the highest common divisor of 323850 and 1530?
510
What is the greatest common factor of 26460 and 12501?
27
What is the greatest common factor of 35584 and 139?
139
What is the greatest common divisor of 5751 and 497?
71
What is the highest common factor of 34018 and 16543?
233
What is the greatest common factor of 2410335 and 870?
435
What is the greatest common divisor of 75 and 76815?
15
What is the greatest common factor of 2531 and 17?
1
What is the greatest common divisor of 64 and 5263296?
64
What is the greatest common divisor of 26 and 1158313?
13
Calculate the highest common divisor of 22282 and 130.
26
Calculate the greatest common factor of 1396 and 3682648.
1396
What is the greatest common factor of 87419 and 38?
19
What is the highest common factor of 22 and 193138?
22
Calculate the greatest common divisor of 165 and 487509.
33
What is the highest common divisor of 430 and 22231?
43
What is the highest common divisor of 350 and 1750?
350
What is the highest common divisor of 20 and 219310?
10
What is the greatest common factor of 12 and 12672384?
12
Calculate the highest common factor of 23788 and 342.
38
Calculate the greatest common factor of 28504 and 63.
7
What is the greatest common factor of 21 and 536643?
3
What is the highest common factor of 318 and 43354?
106
Calculate the greatest common factor of 696 and 43558.
58
What is the highest common factor of 6264 and 232?
232
Calculate the greatest common factor of 39808 and 2528.
32
Calculate the greatest common factor of 6475 and 41825.
175
What is the highest common divisor of 32507 and 2?
1
What is the greatest common factor of 77870 and 325?
65
What is the greatest common factor of 6644 and 9664?
604
Calculate the greatest common factor of 972 and 1920.
12
Calculate the highest common factor of 1005 and 9715.
335
What is the greatest common divisor of 744 and 58714?
62
What is the greatest common divisor of 18 and 9909?
9
What is the highest common factor of 13624 and 128?
8
What is the highest common factor of 10 and 1306?
2
What is the highest common divisor of 2163406 and 28?
14
What is the highest common factor of 20 and 20008?
4
What is the greatest common divisor of 45 and 9645?
15
Calculate the highest common factor of 270 and 112860.
270
Calculate the highest common factor of 378749 and 42.
7
What is the highest common divisor of 572 and 31020?
44
Calculate the greatest common divisor of 527971 and 194.
97
What is the highest common divisor of 1212849 and 198?
99
Calculate the highest common factor of 12936 and 3612.
84
What is the highest common divisor of 777384 and 236?
236
Calculate the greatest common factor of 81560 and 40.
40
Calculate the greatest common factor of 1078 and 79.
1
What is the highest common divisor of 336 and 2712?
24
What is the greatest common divisor of 1318456 and 696?
232
What is the greatest common divisor of 266 and 704228?
14
Calculate the greatest common divisor of 16 and 20924.
4
What is the greatest common divisor of 84 and 478212?
84
Calculate the greatest common factor of 63 and 61038.
9
What is the highest common factor of 272 and 95088?
16
Calculate the highest common factor of 78959 and 46.
23
What is the greatest common factor of 19737 and 77486?
731
Calculate the greatest common divisor of 71211 and 21.
21
Calculate the greatest common divisor of 12848 and 1166.
22
Calculate the greatest common factor of 394 and 5696.
2
Calculate the highest common factor of 10 and 4835570.
10
What is the greatest common factor of 109511 and 451?
41
What is the highest common factor of 89707 and 109?
109
Calculate the greatest common factor of 144 and 485226.
18
What is the highest common factor of 91 and 56693?
91
What is the highest common factor of 17843 and 2429?
7
What is the highest common factor of 101 and 83527?
101
Calculate the highest common factor of 120 and 47220.
60
What is the highest common factor of 267540 and 116480?
1820
Calculate the greatest common factor of 359752 and 233.
233
Calculate the greatest common divisor of 7601 and 71864.
691
What is the greatest common factor of 360 and 933960?
120
Calculate the highest common divisor of 730 and 90374.
146
Calculate the highest common divisor of 1849 and 301.
43
Calculate the highest common divisor of 2872 and 40.
8
What is the highest common factor of 18 and 8140194?
18
Calculate the greatest common factor of 7962 and 60.
6
Calculate the greatest common divisor of 17416 and 224.
56
What is the greatest common factor of 44 and 709874?
22
Calculate the greate